r of 153 and f.
17
Let x = 265 + -264. Calculate the highest common factor of 224 and x.
1
Let t be (6/8)/((-3)/10284). Let v be t/(-12) + 3/4. Suppose -2*y + 4*n + 95 = -n, -5*n = -5*y + v. What is the greatest common factor of y and 60?
20
Suppose 4*k - 5*p = 790, -p = -k - 4*p + 189. What is the highest common factor of 30 and k?
15
Let l = 1149 + -1141. Suppose -216 = -4*h - 4*v, 7*v - 3*v + 8 = 0. What is the highest common divisor of l and h?
8
Let k(l) = 28*l**3. Let q be k(-1). Let s = q + 29. What is the greatest common factor of s and 5?
1
Let w = -44 - -29. Let c be 1 - w - (-8)/2. What is the greatest common divisor of c and 60?
20
Let b(t) = -t**2 - 19*t - 34. Let u be b(-17). Suppose -4*k + u = 8, -y + 3*k + 14 = 0. What is the highest common factor of 4 and y?
4
Let f(s) = -15*s - 85. Let t be f(-15). Calculate the greatest common divisor of 30 and t.
10
Let v be 1/(-2 + 21/9). Suppose 1 = -y - v*g - 5, -g - 6 = -y. Suppose y*n - 3 = 60. Calculate the highest common factor of 7 and n.
7
Let t be (-276)/10*1*(-100)/30. Calculate the highest common factor of t and 20.
4
Let o = 574 - 544. Calculate the highest common factor of o and 2130.
30
Let d(w) = -w**3 + 4*w**2 + 22. Let v be d(4). Suppose 0 = -2*u + 3*i + 29, -5*i + 119 - 6 = 4*u. Calculate the highest common factor of v and u.
22
Let q(o) = 2*o**3 - 10*o**2 - 12*o. Suppose 4*y - 11 = 5*z + 7, -z = 5*y - 37. Let s be q(y). What is the greatest common factor of 7 and s?
7
Let u be (-4)/(-10)*(13 - 24/8). What is the greatest common factor of u and 356?
4
Let s = -59 - -66. Calculate the highest common divisor of s and 2.
1
Let l(v) = v**2 + 7*v + 16. Let r be l(-7). Suppose 0 = 8*c - 12*c - r. Let g = 39 + c. What is the highest common divisor of g and 245?
35
Let t be 2/7 + 130/35 + 156. What is the highest common divisor of 20 and t?
20
Suppose 16 = -5*g + 6. Let s be 11 + g + 0/1. Suppose 0 = -26*n + 13*n + 13. What is the highest common factor of n and s?
1
Suppose 0 = 12*y - 273 - 267. What is the greatest common divisor of 675 and y?
45
Let x(f) = -55*f + 1012. Let m be x(17). Calculate the greatest common factor of m and 1463.
77
Let h be (15/(-10))/(6/16). Let u be -2*h/2 + -1. Suppose 0 = -u*m - 12, -3*d - 4*m - 14 = m. What is the greatest common divisor of d and 5?
1
Let f(c) = 29*c**2 + 84 + 2*c - 6*c - 87. Let h be f(-1). What is the greatest common divisor of h and 15?
15
Suppose 0 = 4*z - 4*m - 500, z - 4*m = -39 + 179. Let s = -113 + z. What is the highest common divisor of s and 133?
7
Suppose v + h - 43 = 0, -h + 6 - 53 = -v. Suppose -a + 0*a - v = -5*g, 9 = g - 4*a. Calculate the greatest common divisor of g and 27.
9
Let h = 341 + -81. Calculate the highest common factor of 104 and h.
52
Suppose 2*z - 2 = 2. Let d be 13 + (-2)/z*0. Let g = -181 - -194. Calculate the highest common factor of g and d.
13
Suppose -4*z + 20 = z. Suppose -5*v + z*b + b + 15 = 0, 2*b + 10 = 3*v. What is the greatest common factor of v and 44?
4
Let n be 4/22 + 832/22. Suppose -n = 14*q - 16*q. What is the greatest common divisor of 57 and q?
19
Let t be (-7 + 5)*5/(-2). Suppose -t*a - 5*c = -15, 0*a - a - 7 = -4*c. Let z(m) = m + 4. Let o be z(3). What is the greatest common divisor of a and o?
1
Suppose 6*j = 5*j, -3*o = 3*j - 45. Calculate the greatest common factor of 1560 and o.
15
Suppose 0 = -3*d + 3 + 3. Suppose -4 = d*g - 40. Let k(t) = 90*t**3 - t + 1. Let f be k(1). What is the greatest common factor of f and g?
18
Suppose 529*j - 759 = 506*j. Calculate the highest common factor of j and 902.
11
Let t = 52 - 47. Suppose -91 = -3*v - 10*l + 5*l, -4*l = -t*v + 127. Suppose -2*q + 5*q - 9 = 0. Calculate the greatest common factor of v and q.
3
Let x = -19 - -24. Suppose h - 5*o = 3*h + 35, 3*h + 90 = x*o. Let k = -14 - h. What is the highest common factor of k and 11?
11
Let j be ((-9)/3)/(12/(-12)) - -337. Calculate the highest common divisor of j and 30.
10
Let u(c) = -c**2 - 47*c - 119. Let t be u(-29). What is the greatest common factor of t and 39?
13
Suppose -5*y + 91 = 2*y. Let u = y - 6. Let g(h) = -h**2 + 11*h - 10. Let b be g(u). Calculate the greatest common factor of b and 6.
6
Let v(s) = s**3 - 6*s**2 - 5*s + 1. Let l be v(8). Suppose 17*b = 12*b + 115. Let u = l - b. What is the highest common divisor of u and 22?
22
Suppose 0 = 7*h - 598 - 53. Calculate the highest common factor of h and 155.
31
Let p(f) = f**2 + 10*f + 15. Let x be p(-8). Let m be (2 + -3 - -80)*x. Let t = -23 - m. What is the highest common factor of 8 and t?
8
Suppose 5*p - 3 = 12. Suppose -p*t = -8*t + 4*i - 21, -2*t + i - 9 = 0. Let r be 4 + 2 + (t - -3). What is the greatest common factor of 20 and r?
4
Suppose 528*p - 536*p = -2088. Calculate the highest common factor of 435 and p.
87
Let w = -138 + 163. Calculate the highest common divisor of w and 5.
5
Suppose 0 = 4*t + l - 2085, 2*t - l = t + 515. Let u = -355 + t. What is the greatest common divisor of 55 and u?
55
Suppose -3*m + 510 = 60. What is the highest common divisor of m and 60?
30
Let y be ((-5)/((-6)/(-6)) - -2)*-9. Calculate the greatest common divisor of 1296 and y.
27
Suppose -4488 - 13585 = -31*t. What is the highest common divisor of t and 159?
53
Suppose -2*a + 22 - 4 = 0. Calculate the greatest common factor of 711 and a.
9
Let p = 1667 - 533. Calculate the highest common divisor of p and 14.
14
Suppose 2*k + 2 = 2. Suppose 5*g - 10*g + 240 = k. What is the greatest common divisor of g and 16?
16
Suppose 0*n - 5*w - 263 = -4*n, n = w + 66. Calculate the greatest common divisor of 469 and n.
67
Let q be (6/9)/((156/(-828))/(-13)). Calculate the greatest common divisor of 943 and q.
23
Let u = -3 + 5. Let f be u + -2 + 38/2. Let r be f/1 - 6/(-2). What is the highest common factor of r and 44?
22
Let x be ((-9)/(-27) - 42/(-9))*2. Calculate the greatest common factor of 30 and x.
10
Let f = 108 + -99. Suppose -4*s + k + 45 = 4, 0 = 3*k + 15. Calculate the highest common factor of f and s.
9
Let y be 0 - 8 - (-57)/6*2. What is the greatest common factor of 77 and y?
11
Suppose -4*d = 5*t - 32, 5*d + 2*t - 6*t + 1 = 0. Suppose 195 = 557*q - 544*q. What is the highest common divisor of q and d?
3
Let r(x) = -x + 7. Let v be r(10). Let i be -1*(-1 - v) + 194. Calculate the greatest common divisor of 24 and i.
24
Suppose -5*x = 4*k - 153, 5*x = 6*x - 5*k - 19. What is the greatest common factor of 87 and x?
29
Let i be -3 - (3/6)/(5/(-100)). What is the greatest common factor of 931 and i?
7
Suppose 2*g - 287 = -3*r, 4*g = 5*r - g - 470. Let t = 84 + -46. What is the greatest common factor of r and t?
19
Let z(k) = k**3 + 4*k**2 - 3*k - 13. Let l be z(-4). Let w be 2120/60 - (l - (-2)/6). Calculate the highest common factor of 288 and w.
36
Let m be (3/(-2) + 0)*-2. Suppose 3*n - 5*y = 226, 0 = m*n - 2*y + 6*y - 235. Calculate the greatest common divisor of 11 and n.
11
Suppose -780 = -4*w - w - x, 440 = 3*w - 5*x. Suppose -1 = y, 2*y + w - 13 = 2*h. Calculate the greatest common divisor of 14 and h.
14
Let k(p) = p**3 - 5*p**2 + 7*p - 13. Let s be k(7). Suppose -3*w + s - 26 = 0. What is the greatest common factor of 252 and w?
36
Let j(c) = -2*c**2 + 3*c + 2. Let f be j(-5). Let b = f + 81. Calculate the highest common factor of b and 9.
9
Suppose 6*o = -0 - 30. Let i be o/((-15)/34) - 9/27. Calculate the highest common divisor of i and 44.
11
Suppose -5*x = x - 36. Suppose 5*t = x + 19. Let o be 2/(-6)*(-30)/2. What is the greatest common factor of t and o?
5
Suppose -t - 3 = -15. Let p be -20*1/(-2) - -14. What is the greatest common factor of p and t?
12
Let q = -4 - 2. Let m(d) = -d + 2. Let w be m(q). Suppose 5*i = 7*i - w. Calculate the greatest common divisor of 6 and i.
2
Suppose 3*n - 401 + 47 = -5*c, 5*n - 590 = 4*c. Suppose n + 32 = 5*v. Let x(z) = -z. Let d be x(-6). What is the greatest common factor of v and d?
6
Let a(n) = 2*n**2 + 55*n - 110. Let t be a(-33). What is the greatest common factor of t and 23?
23
Let z be (10 + 2)*24/72. Calculate the highest common divisor of z and 12.
4
Let n be 107/9 - 10/(-90). What is the highest common factor of 444 and n?
12
Let k(t) = -t**2 + 25*t - 129. Let p be k(13). Let h be (81/12)/(5/40). What is the greatest common factor of p and h?
27
Let n be 173 + 